s of h?
2
Let q(x) = x**2 + 12*x + 4. List the prime factors of q(4).
2, 17
Suppose 4*t + 74 = 6*t. What are the prime factors of t?
37
Let b(t) = t - 3. Let w be b(6). Suppose h - 2*h = w*o, o = 5*h. Suppose o = 4*s - x - 30, -x = -2*s - 3*s + 37. What are the prime factors of s?
7
Let d(q) = 10*q**3 + q**2 + q - 2. Let c be d(1). Suppose -3*f = -f. Suppose 0*i + i - c = f. What are the prime factors of i?
2, 5
Let b = 66 - 32. Let z = b + -19. List the prime factors of z.
3, 5
Let c(i) = 40*i**3 - i**2 + 2*i - 2. Let w be 8/28 + 10/14. List the prime factors of c(w).
3, 13
List the prime factors of 143 - 2/2*(13 + -13).
11, 13
Suppose 2*s = 4*n - 220, -9 = n - 2*s - 70. List the prime factors of n.
53
Suppose 0 = 3*z + 3, -5*z - 173 = -4*u. What are the prime factors of u?
2, 3, 7
Suppose 0 = -6*k + 1127 + 163. What are the prime factors of k?
5, 43
Let z = -1 - 1. Let n be z/9 - 168/(-27). Suppose -q + 6 = -n. List the prime factors of q.
2, 3
Suppose 2*w + 0*v - v - 8 = 0, -5*w - 2*v + 38 = 0. Suppose 2*k + 2*x - w = 0, -4*x + 3 = k - 5*x. Suppose k*q - 15 - 12 = 0. What are the prime factors of q?
3
Suppose h + 2*h - 19 = -4*b, 2*b - 4*h = 26. Suppose -6 = 4*g - b*g. Suppose 2*y + g*y - 12 = 0. What are the prime factors of y?
3
Let z(d) = 4*d**2 - d + 1. Let p be z(-3). Suppose -x + g = -p, -g + 0 = -1. List the prime factors of x.
41
Suppose 0 = 3*t - t - 28. Suppose -2*x + t = -24. Suppose 4*w = 5*w - x. List the prime factors of w.
19
Let n(y) = -2*y**2 + 5*y + 4. Let v be n(5). What are the prime factors of v/4*-2*2?
3, 7
Let q be 12/42 + 318/14. Suppose -5*d = 5*t - q - 67, 4*d - t - 72 = 0. List the prime factors of d.
2, 3
Let l(r) = -2*r**2 - 14*r - 6. Let n be l(-10). Let u = n - -92. List the prime factors of u.
2, 13
Let h = 15 - -38. What are the prime factors of h?
53
Suppose 2*p - 3*p = -2. Let y(b) = 2 + 2*b**2 + b - 2*b + p*b**2 - 4 + b**3. What are the prime factors of y(-3)?
2, 5
Suppose 5*i - g - 24 = 0, 2*i = 7*i + 3*g - 28. Suppose -3*j + 5*h = -144, -2*j + 3*j - 58 = i*h. List the prime factors of j.
43
Let v(i) = i**3 + 6*i**2 - 9*i - 9. Let a be v(-7). What are the prime factors of (-3)/a - (-115)/25?
2
Let f(l) = 4*l - 1. Let r(i) = 2*i - 1. Let b(n) = 2*f(n) - 5*r(n). Let q be b(-4). Suppose q + 33 = 4*u. List the prime factors of u.
11
Let d(k) = -1 - 3*k - k + 13*k. Suppose -g = -4*r - 2, 0*g - 4*g - 4*r + 8 = 0. List the prime factors of d(g).
17
Let h(u) = -u**3 - 13*u**2 - u - 4. List the prime factors of h(-13).
3
Let d be ((-70)/(-6))/((-2)/6). Suppose 10 = 2*w - 4*w, j - 4*w - 27 = 0. What are the prime factors of (-10)/d - (-103)/j?
3, 5
Suppose 25 - 5 = -2*f. Let h = f - -17. List the prime factors of h.
7
What are the prime factors of (-1)/(((-4)/(-242))/(-2))?
11
Let l(c) = -2*c**3 + 2*c**2 + 2*c + 1. What are the prime factors of l(-3)?
67
Let v(b) = -b**3 + 2*b**2 - 2*b + 3. Let g be v(2). Let a be -3 - ((4 - 2) + -4). List the prime factors of g/(a/5) - -1.
2, 3
Suppose x - 60 = -u, 0 = -x - 0*x + 5*u + 54. What are the prime factors of x?
59
Let r be 3/(-2)*8/(-6). Suppose 0 = -4*j + 4*z + 96, 0 = 3*j + r*j + 5*z - 90. What are the prime factors of j?
3, 7
Let q = 3 - 3. Suppose l = -q*l + 14. What are the prime factors of l?
2, 7
Let x = 6 - -12. Suppose 0 = -4*l + x - 2. List the prime factors of l.
2
Let m(y) = -21*y. Let t be m(-6). Suppose 5*u + t = 8*u. What are the prime factors of 702/u + 2/7?
17
Let w(o) = -o**2 + 5*o + 2. Let s be w(5). Suppose -3 - 3 = -s*m. Suppose m*q = 2*q + 22. What are the prime factors of q?
2, 11
What are the prime factors of (0 + 1 + -20)*-1?
19
Let z(o) = o**2 - 2*o + 1. Let p = 9 + -7. Let w(d) = -d**2 + d - 2. Let v(q) = p*w(q) + 3*z(q). List the prime factors of v(-3).
2, 5
Let i = 1 - 0. Suppose 7 = -4*f - i. List the prime factors of -13*(f + -1)/3.
13
Let v = -26 - -12. Let h = v + 34. Let x = h + -1. What are the prime factors of x?
19
Let a = 33 - -5. What are the prime factors of a?
2, 19
Let k(q) = 0 - 4*q + 1 + q**2 - q. Let p = 6 + 0. What are the prime factors of k(p)?
7
Let l(z) = -z**2 + 4*z + 7. List the prime factors of l(4).
7
Let s be 2/12 - (-2)/(-12). Suppose -4*r + 3*x = r - 17, s = -4*r + 4*x + 12. What are the prime factors of r?
2
Let v = 101 - -20. List the prime factors of v.
11
Suppose -35 = -u + 14. List the prime factors of u.
7
List the prime factors of -82*(66/(-12) - -4).
3, 41
Suppose 4*t - 1 = 3. Let x = 0 - t. Let y = x + 10. List the prime factors of y.
3
What are the prime factors of ((-3088)/(-10))/4 + 3/(-15)?
7, 11
What are the prime factors of (2/(-4))/(1/(-22))?
11
Let l be 3/(6/13)*4. Suppose 3*k - l = 25. What are the prime factors of k?
17
Let j(i) = -i**2 + 10*i - 7. Let c be j(9). Let y be c + (2 - (1 - 3)). What are the prime factors of y/18 + (-88)/(-6)?
3, 5
Let d(z) = -z + 4. Let s(l) = -3. Let r(y) = -4*d(y) - 5*s(y). Let n be r(2). Suppose -15 = -2*t + n. What are the prime factors of t?
11
Suppose -3*d - 6 = -4*d + 2*w, 30 = -5*d - 5*w. List the prime factors of ((-4)/6)/(d/42).
2, 7
List the prime factors of (-2)/(-9) - 70/(-9).
2
Suppose -4*p - 2*p = -876. What are the prime factors of p?
2, 73
What are the prime factors of (4 + -4)/(-1) - -4?
2
Suppose l = -4*f + 2*f + 65, -3*l + f = -174. List the prime factors of l.
59
Suppose s - 5*k = -11 + 3, -3*s = -4*k - 9. Suppose s*g = 4*g + 30. Suppose g = 2*p - 0*p. What are the prime factors of p?
5
Let u = 202 - 133. List the prime factors of u.
3, 23
Let a = -1 + 3. Suppose -2*u = u + k - 32, 42 = 4*u + a*k. What are the prime factors of u?
11
Let z(x) = 5*x + 7. List the prime factors of z(13).
2, 3
Suppose 5*y - 2*y + 2*f = 9, 4*y - 12 = 3*f. Suppose y*v = 53 - 20. Let o = v + -7. What are the prime factors of o?
2
Suppose 120 = 3*j - j. Suppose -8*y + j = -4*y. What are the prime factors of y - (1 + -1 + 2)?
13
Let c(y) = -2*y - 13. Suppose 0 = -2*l - 2*l. Suppose l = 5*m - 3 + 48. What are the prime factors of c(m)?
5
Let j be 8 + (-3 - 0 - 0). Suppose 0 = j*r + 5*f - 65, 2*r - 31 = -3*f - 0*f. List the prime factors of r.
2
Let k = 24 + -52. Let m = 66 + k. Suppose -5*f - m = -4*r, -3*r - 3*f = -0*f - 42. List the prime factors of r.
2, 3
Let p be 10/25 + 36/10. Let t = 17 + p. What are the prime factors of t?
3, 7
Let u be -2*(3/(-3) - 4). Let w = 20 - u. List the prime factors of w.
2, 5
Let u(g) = g**3 - 4*g**2 - 5*g + 2. Let b be u(5). Let n be (-3)/(-3 + 5/b). Suppose 0 = 2*p - n*p + 8. What are the prime factors of p?
2
Suppose 0 = s - 5*c + 5, 2*s - 6 = -5*c - 1. Let q be s/(0 - (-2 - 0)). Suppose -3*g = -3*r + 2*g + 7, -4*g + 16 = q. List the prime factors of r.
3
Let j(q) = -6*q**2 + q - 9. Let k(x) = x**2 - x + 1. Let y(i) = -j(i) - 5*k(i). Let o be y(-3). Suppose -o = -s + 4. List the prime factors of s.
5
Suppose 0 = 3*w - 6 - 45. List the prime factors of w.
17
Suppose 3*k = 2*t + 15, 3*t + 5*k = 2*t + 12. List the prime factors of -3*7*(-4 - t).
3, 7
Let i be (26/(-2))/(5/10). What are the prime factors of (-1 - i) + 4/(-2)?
23
Suppose 5*y - o - 9 = 8, -5*y = -5*o - 5. Suppose 5*d = 25, y + 31 = 5*c - d. Let s(a) = -a**3 + 9*a**2 - 5*a - 8. What are the prime factors of s(c)?
2
Let q be (2 - (-3 - -6))*-5. What are the prime factors of 2/q - 48/(-30)?
2
Suppose -3*p = 3*i - 516, i = 4*p - p + 172. List the prime factors of i.
2, 43
Suppose 0 = -2*h - 2*v + 20, -49 = -0*h - 4*h + 5*v. What are the prime factors of h?
11
Let t = 13 + -11. Suppose -3*a = 4*k - 35, -3*a + 6 = -t*k + 1. List the prime factors of a.
5
Let c be (-60)/(-35) - (-2)/7. Suppose -2*x - 4*m = 0, -c*x - 3*m + 2 = -2. What are the prime factors of x?
2
List the prime factors of (12/(-5))/(4/(-90)).
2, 3
Suppose 0 = 2*x + 4*o - 30, -x - 4 - 9 = -5*o. Let n = x + -5. List the prime factors of n.
2
Let k(s) = s**3 - 19*s**2 + 20*s + 8. List the prime factors of k(18).
2, 11
List the prime factors of 62 + (-5)/(-1 - 4).
3, 7
Suppose w = -3*p + 6, -3*w + 3 = -3*p - 3. Suppose -w*b = -5 - 1. What are the prime factors of b?
2
Let o be (-4)/(-10) + (-115)/(-25). Suppose 3*c = 3*p - p, -o = -c - p. Suppose 3*d = c*d + 12. What are the prime factors of d?
2, 3
Let s = 21 + -29. Let m(c) = 2*c. Let z be m(s). Let b = z + 30. What are the prime factors of b?
2, 7
Let s be (-